3). Suppose -14 = -2*x - 4*p, -3*x - p + l = x. Suppose 3*j + 3*b = 12, x*j - 4*b - 23 = -6*b. What is the units digit of j?
5
What is the thousands digit of (0 + -11120)*(-48 + 5481/116)?
8
Let u(i) be the first derivative of -449*i**4/4 + i**3/3 - 2*i**2 - 5*i + 48. What is the hundreds digit of u(-1)?
4
Let u = 5465 + -1477. What is the hundreds digit of u?
9
Suppose -12*z + 2*g = -10*z - 182, -3*z + g + 283 = 0. What is the tens digit of 640/z*426/8?
5
Let s = 147449 + -80312. What is the hundreds digit of s?
1
Suppose 3671 + 2181 = 2*i. What is the units digit of i?
6
Suppose -42*s + 71744 = -37*s + 4*f, -s = -5*f - 14372. Suppose -9*x - 3*x + s = 0. What is the units digit of x?
6
Let u(w) = -5*w**3 + 154*w**2 + 53*w + 34. What is the hundreds digit of u(31)?
7
Let b = 19032 + -4781. What is the tens digit of b?
5
Suppose 5*a - 20 = -5. Let i be (-93)/(-3) + a + 0 - -1. What is the units digit of ((-30)/i)/3 + (-2127)/(-21)?
1
Let u(f) = 3*f**2 + f. Let o be u(1). Suppose -8*g + 7*g - 2 = 0. What is the units digit of 63 - o/g*1?
5
Let d(i) = -147*i**3 - 10*i**2 - 26*i - 4. Let k be d(-3). Suppose -2*z - 639 = -k. What is the thousands digit of z?
1
Let c = 82926 + -52388. What is the hundreds digit of c?
5
Suppose 2*y - 4*q + 2 = -2*q, 5*q - 25 = 0. Let f(b) = -14*b - 108. Let k be f(-16). Let o = k - y. What is the units digit of o?
2
Suppose 0 = 4*u - l - 28835, -3*u + 21629 = -19*l + 21*l. What is the thousands digit of u?
7
Let t(r) = -r**3 - 7*r**2 + 28*r - 20. Let z be t(-10). Suppose z = 22*c - 27*c + 8085. What is the thousands digit of c?
1
Suppose -4*u + 2*z + 5608 = 0, 31 - 51 = 5*z. What is the thousands digit of u?
1
Suppose -3*x - x + 6 = -2*i, -x - 2*i = -4. Let g = 640 + -388. Suppose a - x*h = -3*h + g, 6 = 3*h. What is the tens digit of a?
5
Let y be (2 - (2 + -2049))*4/6. Suppose y = 34*x - 32*x. What is the tens digit of x?
8
Suppose -4*t + 269456 = 14*d, 2*t - 134712 = 5*d - 10*d. What is the ten thousands digit of t?
6
Suppose -3*b + 3*a = -15, 3*a + 8 = 2*b - 6*b. Suppose -2*u = 4*z + 14, 5*u + 6 = 4*z - b. What is the tens digit of ((-7)/u*-1)/(16/(-480))?
7
Let v be (0 - 3)*-2 - (-1304 + -16). What is the tens digit of -52 + 59 - v/(-1)?
3
Suppose -6*s = -9*s. Suppose s*g + 2*b = 3*g - 16, -23 = g + 5*b. Suppose 59 = g*j - 129. What is the tens digit of j?
9
What is the tens digit of (-6)/((-13)/((-42926)/26412) + -8)?
5
What is the units digit of (-4)/(-14) + (-56165)/(-35) + -1?
4
Let h = -19 - -33. Let u be 580/28 - (-4)/h. Let i(l) = 5*l + 6. What is the units digit of i(u)?
1
Let b be 7/(0 + 0 + 1). Let x(z) = -z**3 + b*z - 13*z - 12 + 7*z**2 + 17*z. What is the tens digit of x(8)?
1
Let c = -356 - -1359. Let w = c - 586. What is the tens digit of w?
1
Suppose 0 = 15*m - 105652 - 40238. What is the hundreds digit of m?
7
Let w(j) = j**3 - 16*j**2 + 11*j + 34. Let k(a) = 3*a**3 - 47*a**2 + 34*a + 101. Let y(s) = 2*k(s) - 7*w(s). What is the tens digit of y(17)?
0
Suppose z - l = 52165, -202*z + 198*z = 3*l - 208660. What is the units digit of z?
5
Suppose -4*x - 8*x = -1392. Let y = x - -105. What is the units digit of y?
1
Suppose -15905 = -6*s + 50380 + 5295. What is the hundreds digit of s?
9
Suppose -5*y + s + 157 = 0, -y + 145 = 4*y - 5*s. Suppose y = 2*a + 22. Suppose 0 = 2*j + u - 242, 3*j + 254 = a*j + 4*u. What is the units digit of j?
9
Suppose -2*i + i = -8. Let v = i + 0. Let g(n) = 6*n - 17. What is the tens digit of g(v)?
3
What is the units digit of 1048068/((-96)/16)*1/(-3)?
6
What is the hundreds digit of (-28)/(-84)*1234890/6?
6
Suppose -2*z = -3*w + 252, 2*w - 260 = 3*z - 87. What is the tens digit of w?
8
Let w(i) = 41*i**2 - 2*i. Let p be w(1). Let j be (-2)/13 + (-1515)/p. Let v = j + 51. What is the tens digit of v?
1
Let r(a) = -9*a - 12. Let t be r(-11). Suppose -3 = 7*g - t. Let k = g + 32. What is the units digit of k?
4
Let x(k) = 217*k - 687. What is the tens digit of x(18)?
1
Let n = 257 + 225. Let y = 67 + n. What is the tens digit of y?
4
Suppose 40*o - 71 - 9 = 0. Suppose 3*m - 45 = k + o*k, -k = 2*m - 15. What is the units digit of m?
0
Let u = -71 + 76. Suppose -u*v + 3*k - 333 = 0, 2*k - 3*k = 2*v + 142. What is the units digit of ((-5 + v)/(-1))/1?
4
Suppose 0 = -10*k + 16 + 24. Suppose k*v - w - 7 - 4 = 0, -5*w = 3*v - 14. Suppose b - 39 = -4*l, 2*b - v*l - 12 = 110. What is the units digit of b?
5
What is the units digit of (3028/(-16))/((-2)/144 + 0)?
6
Let u(b) be the first derivative of 39*b + 19 - 1/2*b**2 + 1/3*b**3. What is the hundreds digit of u(-9)?
1
Let s = 15 - 92. Suppose -2*l + 136 = -4*u, -4*l = 5*u + 195 - 25. Let r = u - s. What is the tens digit of r?
4
Let a = -178 + -45. Let t = 427 + a. What is the tens digit of t?
0
Suppose 258 - 34 = 4*w. Let l be (10/45)/(2/18). What is the tens digit of (w - (-2 - -6)) + l?
5
Let q(a) be the third derivative of -a**5/30 - 2*a**4 - 15*a**3/2 - 142*a**2. What is the hundreds digit of q(-16)?
2
Suppose 5*p + 10 = 0, -4*x - p - 10918 = -8*x. What is the hundreds digit of x?
7
Let d be 18/4 - ((-68)/8)/17. Suppose d*t + 13*t - 4572 = 0. What is the tens digit of t?
5
Let r(l) = 120 - 7*l**2 + 23*l - 117 + 2*l. Let v(k) = k**2 - 1. Let u(n) = r(n) + 5*v(n). What is the units digit of u(11)?
1
Let f = -32 + 26. Let j be f/27 + 6/27. Suppose 0 = -2*x + 2, 3*k + j*x = 2*x + 349. What is the units digit of k?
7
Let k(o) = o**3 + 29*o**2 - o - 24. Let t be k(-29). What is the tens digit of t/(20/8) + 77?
7
Suppose 261*u - 258*u - 9 = 0. What is the hundreds digit of (1892 + -15)/(3/u)?
8
Let w(y) be the second derivative of -y**3/6 - 139*y**2 - 12*y. Let k be w(0). Let d = -150 - k. What is the units digit of d?
8
Let l be (64/24)/(-8) - (-1)/3. What is the units digit of (412/5 + l)/(121/605)?
2
Let y(g) = -2*g**2 - 19*g - 35. Let h be y(-11). Let t = h + 71. Suppose -c = -2*o - 4*c + 16, t*o + 2 = 2*c. What is the units digit of o?
2
Suppose 26*z = -53*z + 28*z + 279429. What is the units digit of z?
9
Let z be -413*1/4*-4. Let v = z - 57. What is the tens digit of v?
5
Suppose 5*j + 184111 = 4*o, -9*o - 736467 = -25*o - 3*j. What is the ten thousands digit of o?
4
Suppose 6*j + 15 - 9 = 0. What is the tens digit of (-5 + (-46)/(-10))/(j/1030)?
1
What is the units digit of (2/4 + 2061/18)/((-15)/(-5835))?
5
Let j(s) = -3*s**3 - 10*s**2 + 5*s - 1. Let m(k) = 5*k**3 + 21*k**2 - 10*k + 3. Let z(a) = 7*j(a) + 4*m(a). What is the units digit of z(8)?
9
Let a(q) be the first derivative of 3/2*q**2 + 1/3*q**3 + 8*q + 3. What is the tens digit of a(-5)?
1
Let m(j) = 2*j**2 + 13*j - 14. Let v(l) = l**2 + 14*l - 14. Let s(b) = 3*m(b) - 4*v(b). Let r be s(11). Suppose -4*y = -47 - r. What is the tens digit of y?
2
Let g = 99248 - 57269. What is the hundreds digit of g?
9
Let n = -2009 + 4787. Suppose 0 = -88*g + 94*g - n. What is the hundreds digit of g?
4
Suppose 0 = 2*m - 2, -m - 3*m = 4*j - 36. Let b be ((-444)/j)/(18/24). Let p = 127 + b. What is the units digit of p?
3
Suppose 110*n + 105206 = 6365746. What is the thousands digit of n?
6
Let x(t) = -504*t**3 - 12*t**2 - 52*t - 239. What is the thousands digit of x(-5)?
2
Let n = -45 + 67. Suppose -n*o + 161 = -15*o. What is the units digit of o?
3
Let t(x) = -11*x**3 - 5*x**2 + 12*x + 18. Let g(m) = -20*m**3 - 9*m**2 + 23*m + 37. Let k(v) = -6*g(v) + 11*t(v). What is the hundreds digit of k(-7)?
3
Let c = 15277 - 1631. What is the thousands digit of c?
3
Let m = 44 - 44. Suppose 2*i + o - 1334 = m, 2*o - 3*o = -2. What is the units digit of i?
6
Let m be ((-1)/1)/((-2)/((-12)/(-3))). Suppose -1008 = -m*w - 14*w. Suppose 4*j - j = w. What is the tens digit of j?
2
Suppose -h = -6*h - 5, 2*y + 3*h = 1401. Suppose -11*b = -29*b - y. What is the tens digit of (b/(-1))/(4 - 25/10)?
2
Let h = 769 - 207. Suppose -11*i - h = -4863. What is the units digit of i?
1
Let i = 50 - 37. Let h(q) = q**3 - 12*q**2 - 12*q - 10. Let c be h(i). Suppose -2*g - 3*d + 316 = c*g, -4*d - 207 = -3*g. What is the units digit of g?
5
Suppose -216556 = 293*j - 315*j + 180302. What is the units digit of j?
9
Let d(o) = -2*o**2 - o - 1. Let y be d(1). Let c be (30/y)/(-3)*-4. What is the units digit of (-4)/c + (-1752)/(-120)?
5
Let u be 2/(-7) + 97257/119. Suppose -9*h + 8989 = u. What is the tens dig